210
Convert -260 (base 13) to base 5.
-3131
Convert 100 (base 6) to base 16.
24
-13833 (base 9) to base 8
-22322
Convert -29a (base 11) to base 4.
-11133
-71a (base 14) to base 16
-574
Convert -14730 (base 10) to base 6.
-152110
4510 (base 11) to base 9
8130
Convert 1464 (base 7) to base 5.
4320
What is -305 (base 11) in base 13?
-224
1000110110 (base 2) to base 15
27b
What is 112221 (base 3) in base 13?
250
Convert -3002 (base 5) to base 13.
-230
Convert -2149 (base 15) to base 12.
-40b0
-26296 (base 11) to base 2
-1001001011101111
Convert -76 (base 13) to base 15.
-67
Convert -10543 (base 7) to base 4.
-221311
What is -14411 (base 6) in base 15?
-a41
What is -3995 (base 10) in base 2?
-111110011011
-46c (base 14) to base 6
-4024
Convert -1539 (base 12) to base 6.
-15313
202304 (base 6) to base 7
64633
-546 (base 11) to base 3
-220021
Convert -55a4 (base 14) to base 16.
-39fc
What is -103300 (base 5) in base 4?
-313313
What is 16354 (base 7) in base 14?
199b
Convert 1627 (base 8) to base 11.
766
113033 (base 4) to base 14
783
Convert -61f (base 16) to base 4.
-120133
What is 60345 (base 7) in base 3?
202000020
Convert 333455 (base 6) to base 4.
12312023
3125 (base 7) to base 13
665
What is 78c (base 16) in base 9?
2576
-3b80 (base 14) to base 8
-24404
What is 1b0 (base 12) in base 6?
1140
Convert 122332 (base 4) to base 5.
23401
Convert 1001110111100 (base 2) to base 7.
20505
8057 (base 12) to base 5
421031
Convert -2033 (base 5) to base 15.
-12d
What is 7247 (base 10) in base 4?
1301033
43 (base 15) to base 13
4b
Convert -1332313 (base 4) to base 16.
-1fb7
-2068 (base 11) to base 6
-20400
-263 (base 16) to base 11
-506
-2441 (base 6) to base 4
-21121
What is -b15 (base 14) in base 8?
-4177
Convert 12453 (base 12) to base 13.
b3c1
-17d93 (base 14) to base 10
-60301
What is 1210100012 (base 3) in base 8?
104650
What is 280 (base 10) in base 3?
101101
What is ac4a (base 14) in base 7?
153023
Convert 2706 (base 8) to base 2.
10111000110
What is 15214 (base 10) in base 13?
6c04
Convert 200021 (base 3) to base 13.
2bc
Convert -13201 (base 5) to base 16.
-41b
What is -24525 (base 7) in base 3?
-22211110
What is 110110100 (base 2) in base 12?
304
Convert -2112 (base 8) to base 3.
-1111200
-51677 (base 8) to base 6
-243131
Convert -1b097 (base 14) to base 8.
-206175
What is 250 (base 9) in base 3?
21200
Convert 1856 (base 9) to base 12.
9b0
Convert -22886 (base 10) to base 16.
-5966
What is 2d2 (base 14) in base 9?
710
-18768 (base 9) to base 16
-32de
Convert a75 (base 16) to base 8.
5165
What is 5359 (base 11) in base 2?
1101110101010
423113 (base 7) to base 11
4aa31
Convert -2a6 (base 15) to base 16.
-25e
-43a4 (base 14) to base 12
-6938
What is -201 (base 13) in base 6?
-1323
What is 6399 (base 15) in base 16?
524d
What is 100010101000 (base 2) in base 5?
32331
Convert 25c5 (base 14) to base 12.
3a15
Convert -db8 (base 15) to base 10.
-3098
What is 559a (base 12) in base 8?
22406
What is 5a (base 11) in base 15?
45
Convert -28 (base 14) to base 2.
-100100
Convert -32030333 (base 4) to base 7.
-331415
-6d29 (base 14) to base 7
-106352
Convert -30d (base 16) to base 4.
-30031
Convert 26d (base 15) to base 5.
4203
Convert -30203 (base 6) to base 12.
-2363
1202200 (base 4) to base 15
1d04
What is -240201 (base 5) in base 4?
-2021201
What is -20123033 (base 4) in base 13?
-12929
What is -d3b4 (base 16) in base 5?
-3213241
Convert -131221 (base 4) to base 15.
-867
-1142041 (base 6) to base 15
-12bed
What is 609 (base 12) in base 9?
1170
Convert -bb79 (base 14) to base 16.
-7ebf
What is 7640 (base 8) in base 2?
111110100000
What is -14aa (base 16) in base 11?
-3a7a
-1182 (base 9) to base 16
-374
Convert -202201 (base 4) to base 14.
-b3b
-111002 (base 3) to base 15
-188
Convert 53a0 (base 14) to base 13.
6765
Convert 190 (base 13) to base 11.
240
3dc7 (base 16) to base 5
1001230
Convert 100111010 (base 2) to base 4.
10322
Convert -1d (base 15) to base 2.
-11100
What is -9fa (base 16) in base 6?
-15454
cc (base 13) to base 7
330
-32441 (base 9) to base 4
-11033332
Convert -16a52 (base 11) to base 6.
-302342
Convert 50044 (base 7) to base 5.
341122
What is 377 (base 9) in base 14?
185
-11351 (base 8) to base 14
-1a9b
-29a (base 12) to base 14
-210
-404 (base 6) to base 9
-174
33a (base 12) to base 6
2114
a8d5 (base 15) to base 10
35750
Convert 103635 (base 7) to base 16.
46ec
Convert -21120 (base 6) to base 4.
-230220
What is -8653 (base 14) in base 8?
-55241
-1663 (base 8) to base 6
-4215
What is -270 (base 16) in base 10?
-624
What is 4725 (base 9) in base 6?
24122
Convert 201100 (base 3) to base 6.
2230
Convert 10347 (base 9) to base 11.
5165
Convert -6972 (base 16) to base 15.
-7ee9
What is -104343 (base 6) in base 2?
-10001001000111
What is 203120 (base 5) in base 7?
25263
What is -13205 (base 7) in base 8?
-6715
a63c (base 16) to base 3
2011101011
What is -13204 (base 5) in base 3?
-1110001
What is 67 (base 11) in base 12?
61
What is e9ac (base 16) in base 12?
2a750
What is -9a76 (base 13) in base 3?
-1002120112
10088 (base 10) to base 12
5a08
Convert 9a60 (base 11) to base 13.
6058
Convert -11854 (base 12) to base 10.
-23680
Convert -1213 (base 6) to base 11.
-250
Convert a220 (base 14) to base 11.
19a28
-203 (base 10) to base 2
-11001011
What is -101102211 (base 3) in base 11?
-5798
What is 2201211 (base 3) in base 7?
5545
296 (base 10) to base 15
14b
-59a5 (base 15) to base 13
-889a
What is 10534 (base 7) in base 5?
41141
Convert 132313 (base 5) to base 4.
1103111
Convert 105120 (base 6) to base 3.
110012210
-2431 (base 8) to base 3
-1210100
-1010000111101 (base 2) to base 11
-3990
-10010100001 (base 2) to base 6
-5253
-323 (base 14) to base 6
-2511
4032 (base 5) to base 6
2221
What is e7e (base 16) in base 11?
2873
11011 (base 4) to base 11
276
What is 10000100010 (base 2) in base 11?
882
111100110 (base 2) to base 5
3421
1211 (base 6) to base 2
100100111
What is -4762 (base 9) in base 8?
-6723
Convert 2ea (base 16) to base 4.
23222
Convert -26b5 (base 14) to base 11.
-5143
-21111 (base 5) to base 15
-63b
Convert -c76 (base 14) to base 5.
-34311
Convert 1313221 (base 4) to base 7.
31216
-10c7 (base 13) to base 11
-1856
What is -21335 (base 7) in base 11?
-3aa5
What is -2baa (base 14) in base 10?
-7794
Convert 4415 (base 7) to base 16.
62c
What is 3b8d (base 16) in base 11?
104aa
-11000001011110 (base 2) to base 10
-12382
292 (base 10) to base 9
354
What is -44533 (base 6) in base 16?
-1869
What is 4051 (base 6) in base 8?
1577
What is 3617 (base 10) in base 11?
2799
What is 3401 (base 11) in base 13?
2066
What is -2b1 (base 15) in base 2?
-1001101000
-1917 (base 15) to base 3
-21102211
Convert 8ecf (base 16) to base 12.
191a7
What is 7ec2 (base 16) in base 6?
410122
What is 113212 (base 4) in base 11?
1153
Convert -17f (base 16) to base 5.
-3013
Convert 11100110010 (base 2) to base 12.
1096
101000001010 (base 2) to base 7
10331
1001001010000 (base 2) to base 15
15c8
Convert 111100101011 (base 2) to base 9.
5284
Convert 37e0 (base 15) to base 3.
121100010
What is 615 (base 8) in base 9?
481
45 (base 6) to base 3
1002
Convert -dd (base 15) to base 3.
-21201
140304 (base 5) to base 2
1011001001000
Convert -10101 (base 6) to base 14.
-6b3
-2c49 (base 13) to base 5
-201413
What is -1040333 (base 5) in base 15?
-55e8
-1869 (base 10) to base 7
-5310
Convert -20231 (base 4) to base 15.
-272
Convert -14634 (base 9) to base 6.
-114134
-12202 (base 3) to base 9
-182
Convert 200120121 (base 3) to base 5.
413133
Convert 1692 (base 10) to base 13.
a02
-2312 (base 7) to base 3
-1011012
What is 4134 (base 8) in base 7?
6145
What is -7869 (base 10) in base 8?
-17275
What is -3033 (base 5) in base 15?
-1b3
Convert 83c (base 14) to base 9.
2202
What is 1012210000 (base 3) in base 16?
5d57
-110010001111111 (base 2) to base 6
-315035
131161 (base 7) to base 10
24445
What is -226 (base 15) in base 2?
-111100110
What is 2723 (base 9) in base 4?
133332
Convert -1010110101010100 (base 2) to base 15.
-d232
1e52 (base 15) to base 7
25151
What is -1b611 (base 12) in base 8?
-117255
What is 420a (base 14) in base 6?
124402
Convert -106ab (base 12) to base 8.
-52343
Convert 223123 (base 4) to base 3.
10210221
Convert 1224 (base 6) to base 2.
100110000
-100033101 (base 4) 